2*b**2 + 12*b + b**2. Determine n(7).
24
Let z(y) = -34*y - 42*y - 19 - 6*y**2 + 116*y - 37*y + y**3. Determine z(6).
-1
Let d(p) be the third derivative of -p**8/20160 - p**7/720 + p**6/120 - 3*p**5/20 - p**3/3 - 35*p**2. Let t(c) be the third derivative of d(c). Calculate t(-8).
-2
Suppose 82 = 11*s - 17. Suppose -k = -3*m - 26, m + s*k + 6 = 12*k. Let f(o) = -o**3 - 8*o**2 + 9*o - 8. Calculate f(m).
-8
Let s(y) = 61*y - 14. Let j(v) = 30*v - 1. Let q(l) = 2*j(l) - s(l). Determine q(9).
3
Let z(v) = 19*v**2. Let m be (12/14 + -1)*-7 + -3. Let k be 31 + -30 + 1*m. Give z(k).
19
Let t(w) = -w**2 - 20*w + 5. Suppose -6*p = 2*c + 54, -11 - 39 = 2*c + 4*p. Calculate t(c).
-16
Suppose -4*r + 13*r + 223 = 25. Let x(t) = 3*t + 63. Calculate x(r).
-3
Suppose -161*n = -456 - 130 - 702. Let r(p) = -p**2 + 4*p + 8. Give r(n).
-24
Let l be (60/(-18))/((-8)/12). Let y(u) = 46*u - 22. Let d(w) = -165*w + 78. Let f(g) = -5*d(g) - 18*y(g). What is f(l)?
-9
Let w(v) = 7*v**2 + 5*v + 7. Suppose 62 = -4*u - 4*k + 78, -2*u - 3*k = -16. Calculate w(u).
99
Let r(v) be the third derivative of 5/24*v**4 - 7/60*v**5 + 198*v**2 + 0 - 3/2*v**3 + 1/120*v**6 + 0*v. Determine r(6).
-15
Let j(g) be the second derivative of 1/12*g**4 - 5/3*g**3 + 4*g**2 + 12*g - 4. Calculate j(6).
-16
Let c(s) = 3*s**3 - 10*s**2 - 4*s + 12. Let i = -43947 - -43950. Give c(i).
-9
Let t(b) = 9*b - 23. Suppose 0 = 2*c + 3*j + 33, -c - 56 + 15 = 5*j. What is t(c)?
-77
Suppose -2*f = -h - 105, -36*h - 265 = -5*f - 31*h. Let c(q) = -f + 58 - q - q. What is c(6)?
-6
Let l(g) = -g - 15. Let v(w) = -w**2 - 16*w - 7. Let a be v(-15). Give l(a).
-23
Let u(b) = b**2 + 4. Let h be u(6). Let s be h/(-50)*(0 + -15). Let r(n) = n**3 - 13*n**2 + 13*n - 12. Let t be r(s). Let l(m) = -m - 9. What is l(t)?
-9
Suppose 0 = 9*b + 373 - 2281. Let r(y) = -86 + y - 113 + b. What is r(-15)?
-2
Let p(m) = m**2 - 11*m - 5. Suppose 9*h - 15*h = -270. Suppose -2*j - 2*j = 3*g - 29, -2*g = 5*j - h. Give p(j).
-5
Let r(w) = -13*w**2 + 14*w - 45. Let c(l) = -7*l**2 + 8*l - 25. Let d(z) = -9*c(z) + 5*r(z). Suppose -3*q = 5*j + 13, 2*j - 3*q + 5 - 4 = 0. Determine d(j).
-4
Let w(m) = 26*m + 193. Let n be w(-8). Let l = 45 - 31. Let t = l + n. Let v(y) = -y**2 - y. Give v(t).
0
Let i = 3733 - 3745. Let h(a) = -2*a**2 - 26*a - 20. Give h(i).
4
Let i be 30/(-14) - -2 - 6/(504/156). Let o(g) = 15*g + 16. What is o(i)?
-14
Let f(v) be the second derivative of v**4/12 + 14*v**3/3 + 3*v**2/2 + 159*v - 2. What is f(-28)?
3
Let h(s) = 3*s - 1. Let i(k) = -k**3 + 4*k**2 + 13*k - 3. Let y be i(6). Let d(f) = -4*f + 1. Let o(x) = y*h(x) + 2*d(x). Suppose -4*u = u + 40. Calculate o(u).
-9
Let f(o) = -4*o + 2. Let u = -135 + 142. Suppose 0 = -u*d + 78 - 99. What is f(d)?
14
Let x be (-19)/((-380)/30) + 17/2. Let g(y) = 3*y - 32. Give g(x).
-2
Let c(t) be the first derivative of t**4/4 - t**3 - t**2 - 2*t + 769. Let b be 27 - -2 - (0 + -2). Suppose -5*u - 11 = -b. Give c(u).
6
Let m(l) be the third derivative of -l**7/840 + l**6/90 + 13*l**5/120 - l**4/6 - 61*l**3/3 + 26*l**2. Let i(a) be the first derivative of m(a). Determine i(6).
2
Let q(y) = y**3 - 24*y**2 - 10*y - 384. Let j be -1*254*9/(-90) - (-14)/(-35). Calculate q(j).
-9
Let l = -2557 - -2548. Let h(r) = -r**3 - 10*r**2 - 12*r + 1. Give h(l).
28
Let f(k) be the third derivative of -k**7/2520 - k**6/80 - k**5/24 + 9*k**4/8 + k**3/6 + k**2 + 88*k. Let l(z) be the second derivative of f(z). Give l(-8).
3
Suppose 2*c + 5*g + 26 = 0, 7*c - 9*c - 2*g - 8 = 0. Let f = 7 - 5. Let s(o) = 5 + 3*o**f - o**2 - o - 4. What is s(c)?
7
Let l(m) = m**3 - 5*m**2 + 4*m + 3. Suppose 3*q + 9 = -5*j, -2*q = -3*j + 3 + 3. Suppose j = -3*i - i + 4*s + 4, -i + 16 = 4*s. Determine l(i).
3
Let m(c) = c**3 + 5*c**2 + 5*c + 5. Let h be m(-4). Let f be (-656)/(-123) + (-7)/3. Let a(w) = 3*w - w + 0*w**f - 14*w**3 + h. Determine a(-1).
13
Let u(m) = -10*m - 22. Let y be 110 + -122 - (2 + -10 + -1). Calculate u(y).
8
Let t(l) = 4*l**2 - 85*l + 236*l - l**2 - 90*l - 24 - 89*l. Give t(10).
-4
Let z(o) = 21*o**2 - 151*o + 21. Let r be z(7). Let m(h) = h**2 + 15*h + 5. What is m(r)?
-51
Suppose -2*l + 5 = -1. Suppose -5*p = -5*o + 40, 0 = l*o - 2*p - 3*p - 32. Let m(v) = 7*v**2 + v**3 + 3*v + 2 - 2*v - o + 1. Determine m(-7).
-8
Let w = 1 - 19. Let j = w + 14. Let c(a) be the second derivative of -a**5/20 - a**4/4 + a**3/6 + 2*a**2 + 39*a - 2. Give c(j).
16
Let b(j) = -2*j + 28. Let v(n) = n - 25. Let h(z) = 2*b(z) + 3*v(z). Calculate h(6).
-25
Let j(r) = -r - 13. Let b = 758 + -763. What is j(b)?
-8
Let p(y) = -14*y**3 + 4*y**2 - 23*y + 69. Let t(w) = -5*w**3 + w**2 - 8*w + 24. Let o(i) = 6*p(i) - 17*t(i). Determine o(-7).
20
Let h(x) = 10*x**3 - 5*x**2 - 33*x - 20. Let z(f) = 3*f**3 - f**2 - 11*f - 7. Let g(q) = 2*h(q) - 7*z(q). Let b be g(-5). Let u(s) = -s - 4. Give u(b).
-8
Let a(z) = 3*z. Let v(s) = -5. Let m(w) = -1. Let j(q) = -6*m(q) + v(q). Let b(d) = a(d) + 5*j(d). What is b(-3)?
-4
Let l be -1 + (-83 + 89)*1/(-6). Let b(p) = 5*p. Give b(l).
-10
Let w(q) = -4*q - 60. Let y(g) = 102*g + 3252. Let k be y(-32). Give w(k).
-12
Let h(t) = 5*t**2 + 27*t + 58. Let o(r) = -12*r**2 - 55*r - 69. Let d(q) = 5*h(q) + 2*o(q). Give d(-14).
-2
Let n be -40*((-14)/4 - -3). Let r be (-70)/n*8/(-7). Let u(t) = -3*t**3 + 0*t**3 + 6*t**3 - 3*t**2 + r*t - 4*t**3 + 4. Give u(-3).
-8
Let s(r) = r**2 - 7*r + 4. Let m(q) be the second derivative of q**3 - 31*q**2/2 - 16*q. Let z be m(7). Suppose -4*i + 17 + z = 0. Determine s(i).
4
Let y(h) = -h**2 - 9*h - 15. Let s = 1242 - 1247. Determine y(s).
5
Let r be (-4 + 22/4)*-2. Let x be (r - 9)*(1/(-2) - 1). Suppose 8*l = 14*l - x. Let w(m) = -2*m**3 + 2*m**2 + 4*m - 1. What is w(l)?
-25
Let y(j) be the second derivative of -163*j - 1/2*j**2 - 1/6*j**3 + 0 + 1/12*j**4. What is y(5)?
19
Let o(a) = a + 12. Let l be (-18)/(-24) + 130/8. Suppose 7*j = l*j + 60. What is o(j)?
6
Let b(o) = 372*o**2 + 16*o + 8*o - 1010*o**2 - 24 + 657*o**2 - o**3. Determine b(20).
56
Let f(t) = t. Let j(z) = -10*z - 41. Let h be j(-15). Suppose 6*q - h - 59 = 0. Suppose 5*o = -3*a - 8, -o + 2*a - q = 4*o. Determine f(o).
-4
Let c(l) = l**3 + 7*l**2 + 5*l - 8. Suppose -n + 178 = -2*a, 3*a + 176 = 4*n - 3*n. Let d = n + -188. What is c(d)?
-2
Let b(c) = -6*c - 8. Let f = -16185 - -16178. Determine b(f).
34
Let j(w) = -w**2 + 8*w - 17. Let u(n) = -2*n**2 - 32*n - 60. Let f be u(-14). Let s(b) = 4*b + 22. Let d be s(f). Give j(d).
-5
Let g(i) = -4*i + 30. Let d(f) = f**3 + 10*f**2 + 26*f + 23. Let j be d(-7). Let k = 19 + j. Determine g(k).
2
Let a(v) = -11*v**3 + 1. Suppose 1967 = 5*t - 3*s, -t - 3*s = 2*s - 371. Let u = 392 - t. Determine a(u).
-10
Suppose 107*q - 102*q = 15. Let c(i) = -1 + 5*i + 3*i**2 + 2*i**3 + 2*i**2 - 3*i**3 - 4*i**q + 6*i**3. What is c(-4)?
-5
Let r(x) = x - 1. Suppose 110 = 9*c - 20*c. Let b(o) = -o**3 - 11*o**2 - 9*o + 5. Let h be b(c). What is r(h)?
-6
Suppose 22*g - 10830 = -8*g. Let z = g + -357. Let k(i) = i**2 - 3*i + 4. Give k(z).
8
Let a(g) = 2*g**2 - g - 2. Suppose 0 = -29*y + 24*y + 125. Suppose y*p + 2 = 24*p. Give a(p).
8
Let b(k) = k**3 + 6*k**2 + 3*k - 7. Suppose 0 = 12*o - 16*o - 4*a - 32, 4 = -a. Determine b(o).
13
Let i be 24*2/3 + -2. Suppose i = -5*l - 11. Let a(o) = -130*o + 2. Let h(j) = 216*j - 5. Let f(x) = 5*a(x) + 3*h(x). Give f(l).
5
Let o be (99/36)/((-2)/(-8)). Suppose -3*a + o = 26. Let h(r) = 0 - 3*r + 5 - r**2 - 1. Calculate h(a).
-6
Let r(t) be the first derivative of 31 + 87 - t**2 - 2*t - 2 - t + 123. Determine r(-5).
7
Let c(p) = 18*p**2 - 77*p - 1. Let w(f) = 16*f**2 - 64*f - 1. Let d(r) = -6*c(r) + 7*w(r). Determine d(-4).
7
Let i(g) be the third derivative of 5*g**4/24 + 4*g**2 - 7*g. Let x(q) = -18*q. Let u(v) = -15*i(v) - 4*x(v). Determine u(8).
-24
Let i(c) = c - 17. Let o be i(15). Let g be o*(-3 - (-6)/3). Suppose -t - g*t = 12. Let x(r) = r**3 + 5*r**2 + 3*r - 4. Determine x(t).
0
Let o be 55/(-385) + 1/7. Let i(b) = -6 - 504*b - 508*b + 1011*b. Give i(o).
-6
Suppose -13*q + 19 = -46. Let w be (2/q)/((-2)/(-20)). Let r(f) = f**2 - 2*f - 5. Calculate r(w).
3
Let i(m) = 10*m - 28*m + 11*m + 14*m + 42. What is i(-6)?
0
Let f(c) = -4*c + 3. Let b be (-1)/(4*(-2)/(-48)). Let s be b/(-24) + 6/8 + -1. Suppose -p + 2*p + 3*m + 2 = s, -5*p + 16